e value of 75 + 14 - 8 - (-208 + 193)?
96
(-7 - -1) + (330 - 353) - -43
14
Evaluate -73 - -12 - -18 - (-166 + 172).
-49
What is -31 + (22 - 26) - (9 + -2 + 2)?
-44
What is the value of (-24 - -18) + (1 - -7) - (50 + -126 + -39)?
117
What is the value of -66 + 37 - -68 - 1?
38
Evaluate 14 + (-6 - -6) - -3 - 27 - (10 - -1).
-21
-34 - (-5 + -13 + 22 + 3)
-41
Calculate -15 - 1 - -26 - 0 - 21.
-11
What is (0 + (-95 - 1) - -1) + -7 + 13 + 5?
-84
Evaluate 5 - (2 + (5 - -4)) - (-1 + -29).
24
What is 9 + (-15 - (-11 + 11))?
-6
What is -869 - -865 - (46 - (-1 - 4))?
-55
Evaluate 5 + -4 - 3 - (-15 + -3 - 13).
29
Evaluate 1 + (-11 - -2) - (10 - (-24 + 40)).
-2
Calculate 36 + (-35 - (-29 + 24)) + (-26 - -4).
-16
Evaluate (0 + 29 - 1) + (-7 + -39 + 12 - -32).
26
Evaluate -22 + (63 - (20 + 34)).
-13
What is the value of -79 + 32 + (-31 - -39)?
-39
What is the value of -1 + 16 - (15495 + -15461)?
-19
What is -45 + (84 - 95) + 68?
12
What is 0 - (0 + -7 + -1 - 11) - (-5 + 13)?
11
Evaluate (8 - 0) + 69 + 137 + -197.
17
Calculate -70 - ((10 + 1 - (601 + -618)) + -9).
-89
What is (-38 - -101) + -71 - 37?
-45
-4 + -8 + -31 + (15 - -6) + 101
79
(-168 - -61 - -114) + (-16 - -1) + -65 + 0
-73
-4 - (-19 + -4) - (-15 - (-4 - -14))
44
What is the value of 203 + 4 + -192 - (-69 - -1)?
83
What is 19 + -5 + (-23 - -20) + -1 + -59?
-49
What is the value of ((8 - 26) + 1 - -45) + -23 - (-1 - -126)?
-120
16 + -6 + (282 + -277 - (-1 - 31))
47
What is (-2 - (4 - 7)) + -1371 + 1328?
-42
9 + ((8 - 0 - (4 - -3)) + -2 - -13)
21
What is the value of -108 + -17 + 130 - (32 - -1)?
-28
What is 5 - (-54 + 21 - -22) - 5 - -18?
29
What is (0 - (1 + -1 + -5)) + -32 + -21 + 22?
-26
39 - 72 - (-13 - 46)
26
1541 + -1518 - (-3 - -1)
25
What is 38 + 0 + 1 + (-352 - -348)?
35
What is the value of -67 - (-2 + -32 - 22)?
-11
Evaluate (65 - 23) + (-14 + 24 - 1).
51
1 + -1 - 58 - (-28 - (38 - 61)) - 13
-66
Evaluate 2 + (-5 - -1) - ((-11 - 107) + 127) - -54.
43
-6 + 22 - 11 - (34 + 0) - (-18 - -19)
-30
Calculate 0 + -10 + -21 + (60 - -7) + -6 + 11.
41
Calculate -1 + -34 + 2733 + -2701.
-3
Calculate (248 - 231) + 0 + -30 + -1 + 63.
49
Evaluate -14 + 8 + -22 - (-259 - -265).
-34
Evaluate 41 - (-77 + 135) - (-2 + -1 + 47).
-61
Calculate -55 + (0 - -12) + 56.
13
Calculate -53 + 87 - (-54 - -57).
31
What is (-3 - (2 + 5)) + 5 - (7 + -27)?
15
Evaluate -10 - (-2 + 23 - (-8 - 2)).
-41
What is -1 + -43 + 56 - (-7 - -42)?
-23
-10 - (7 + (-41 - (6 - -5)))
35
Calculate 6 - -36 - 8 - ((30 - 5) + -29).
38
What is the value of (-7 - 67) + 27 + -7 + 6?
-48
What is 5 - ((101 - -6) + (38 - 21))?
-119
Evaluate (-1 - -117 - ((13 - -4) + -12)) + -3 - -4.
112
Evaluate 592 - 604 - (-39 + 2 - -2).
23
What is the value of -48 + (39 - (51 - 35))?
-25
Evaluate 47 - (27 - (-22 + -25)).
-27
What is -13019 + 13024 - (-13 - (-2 + 2))?
18
Calculate (1 + -13 - 1) + (-14 - -108 - 87).
-6
What is -3 + (-28 + 9 - (-3 + -133)) - -1?
115
0 + 34 + (-1547 - -1481)
-32
What is 2 + -56 + -14 - -10 - -25?
-33
Calculate ((11 - -4) + -12 + -9 - 31) + -8 + 1.
-44
Calculate -38 + -1 + (-15 - -18) + 1 + 0.
-35
What is -3 + (-6 - -13) + 2 + -5 + 5 + 1?
7
Calculate 184 + -453 + 217 + -5 + -3 + 2.
-58
Calculate 57 + -8 + (35 - 25) + 28.
87
Evaluate 1 - -22 - (-7 + 21 + -14).
23
What is -60 - ((11 - 29) + -30 + 12)?
-24
Evaluate (9 + (-22 - 5) - 3) + -34.
-55
384 + -376 - (0 - -27)
-19
4 - -11 - (-15 - (-35 - -9)) - (3 - 78)
79
Evaluate 0 + (-1 - 4) + -43 - 1 - (-460 + 448).
-37
Evaluate -44 - (-66 + -68 + 23).
67
What is the value of (-11 - 15) + 32 - (21 - 7) - 47?
-55
What is 1 - (-17 - (-12 + 21) - -24)?
3
Calculate -3 + -42 - (-380 - -301).
34
Calculate (35 - -27) + 132 + -260.
-66
Calculate (-9 - -3) + -32 + 35 + 38 + 30.
65
Evaluate 9 + 1 + (-2 - -108 - (424 - 437)) + 12.
141
What is -15 + 9 + -4 - (9 - -40 - (-10 + 3))?
-66
What is 19 - (33 - (11 - -34))?
31
What is the value of (2 + 2 - -10) + (5 - (2 + 3 + -2))?
16
Evaluate (-3 - -15 - 3) + (333 - 382).
-40
-18 + (-95 - -120) - (-2 - (12 + -2))
19
Calculate 10 + 1 - (-1 - -20 - (1024 - 1016)) - 71.
-71
Calculate (-247 - -245) + 27 + -2.
23
-26 + (-37 - (0 - (38 - 22)) - -1)
-46
What is 19 + (-12 - (2 + (-2 - 13)))?
20
What is the value of 4 + -7 + -5 + (12 - 16)?
-12
Calculate -5 - ((1 - 8) + -8) - 5 - 16.
-11
What is the value of -19 - 54 - 3 - (-4 + -9)?
-63
Evaluate -4 + 6 + -1 - ((12 - -3) + -1).
-13
Evaluate (-12 - (-8 - 28) - 18) + 5 + -36 + 2.
-23
What is the value of (-73 - -65) + -2 - 40?
-50
Calculate -4 + -22 - (-5 + 55 - 56).
-20
Evaluate (-27 - 0 - 1) + -60 + 71 - (8 + 4).
-29
What is the value of 67 + -47 - (5 + -3 + 1 - 1)?
18
-16 + -5 - (107 - (20 - -18))
-90
Calculate -3955 + 3912 + (-3 - (-4 + 0 - 18)).
-24
What is the value of 15 + -17 + 9 + 12 + (58 - 61)?
16
-7 + -2 + (2 - -1) + (21 - 31)
-16
What is (-5 + -3 - -2) + 1278 + -1277?
-5
What is -81 + -100 + 73 - -34?
-74
Evaluate -8 - (1 - 14) - 12 - (56 + -133).
70
-2460 + 2486 + -43 + -1
-18
(-1 - 3) + (0 - ((-25 - -2) + (92 - 86)))
13
Calculate -13 + (19 - -8) + (-16 - -34).
32
Evaluate (-1 - -3 - (21 + (-25 - -17))) + (-2 - 9).
-22
Calculate (-8 + 22 - 13) + -8 + 1 + 8.
2
Calculate 40 + (-2 + -15 + 37 + -9 - 23).
28
Evaluate 22 + (17 + 0 - (92 + 37)).
-90
Calculate (83 - -26) + -53 - 36.
20
What is -23 - (4 + 1 - (8 - (32 - 16)))?
-36
-824 - -793 - (2 + -1)
-32
What is -1 + 3 + (-27 - 17 - (-9 - -26))?
-59
What is (-52 + 35 - -50) + -46 - (0 + -2 - 42)?
31
72 - 4 - (-441 - -505)
4
-14 + (-392 + 403 + -1 + -12 - (-56 - -8))
32
What is 14 - (2 + (1 - -8) - (701 + -655))?
49
-5 + (-34 - (-17 - -24))
-46
What is the value of 4 + 62 + (12 - (12 - (9 + -8)))?
67
Evaluate -36 + 26 + (-124 - -81).
-53
Calculate (-16 + 88 - 24) + -60.
-12
What is the value of 14 + (-316 - -342) + 2 + -31?
11
Evaluate (6 - 56) + 48 - (2 + -3 + 11).
-12
Evaluate (91 - 93) + (0 - -6) - (4 + -1 + 51).
-50
Evaluate 43 + -59 + (4 - 0) + (22 - -37).
47
-3 + (2 + -34 - ((-35 - 14) + 66))
-52
Calculate -6 + (4 - 5) + (15 - (-8 + 75 - 10)).
-49
-7 - (-7 + -2 - 8) - (-27 + 39)
-2
What is 34 + -12 - 22 - (0 - -1 - 6)?
5
What is the value of 198 - (-131 + 127 - -74)?
128
What is -66 + 57 + -17 + -39?
-65
Evaluate -28 + (-1 + -13 - (655 + -684)).
-13
46 - ((-1 - -3) + (608 - 619) - -8)
47
Calculate (-126 - (-25 + -89)) + 68 + (-4 - -6).
58
What is the value of 118 + 6 + -9 + -5 + (-2 - 5) + 22?
125
Calculate (14 - (6 + -4)) + -11 + 69 + 5.
75
What is 2 + 13 + -7 + -34 + 9 + -8?
-25
(-4 - (5 - (17 + -37) - 17)) + -13
-25
Calculate 10 - (1 + 2 + (93 - 73) + -107).
94
What is -2 - (7 + (-12 - -4))?
-1
(-1 - (-134 - 0)) + (1314 - 1330) - 5
112
What is -2 + (-12 - -7) - (45 + 7 + -25)?
-34
(255 - 272 - (-6 + 1)) + -20
-32
Calculate (-55 - -81) + -37 + 18.
7
Calculate 27 + (-5 - 37) + -12.
-27
Calculate -57 + (-10 + -14 + 17 + 3 - -3).
-58
What is -104 + -102 + -12 + 117?
-101
What is the value of 27 - (3 + -5) - (-368 + 346)?
51
What is 90 + -19 - (-66 + 30) - (-12 - (2 + -2))?
119
Calculate 110 - 90 - 62 - (-33 - 11).
2
What is the value of (6 - -2) + 17 + (22 - -3) + -22 + -10?
18
Evaluate (-19 + 65 - 25) + -17 + -2 + 6.
8
What is 45 + (16 - 12 - 3) + 14?
60
Evaluate -134 - -120 - ((-1 - 38) + 7).
18
0 + 8 + 22 + -44 + (2 - 2)
-14
Calculate (-9 + 3 - -1) + 8 + (148 - 143).
8
(1 - 0) + -36 + -33 + (-8 - -10 - -8)
-58
Calculate -77 + 5 + -4 + -6 + 18 + -1.
-65
Evaluate -20 - ((-12 - -15) + 6 + (-3 + 1 - -3)).
-30
What is -22 + -23 + 36 + 2 + 14 - -28?
35
Evaluate (3 - (-2 + -1 + -24 + 13 + 14)) + -63.
-60
(-259 - -288) + -29 + 1
1
15 + -28 - -34 - (-3 - 4)
28
Evaluate 9 - (43 - (33 - (39 - 30))).
-10
1 + -123 - (14658 + -14738)
-42
Evaluate -8 + 7 - -39 - 56 - -47.
29
(-246 - -353) + (1 - 16) - 27
65
What is -6 - ((1 - -7) + (-20 + 18 - -3))?
-15
What is the value of -3 + (78 - 19 - 6)?
50
What is 72 - 52 - (0 - -26)?
-6
What is the value of -52 - (12 - 3 - 6) - (-19 - -21)?
-57
What is the value of -8 + -1 + (-87 + 48 - (-1 - 6))?
-41
(45 + -26 - (2 - -8) - (-33 - -4)) + -6
32
Calculate 52 + 27 - (-3 + 23 + -6 - -4).
61
Evaluate -37 + (11 - (-15 - -8)) - 30.
-49
Evaluate 71 + -23 + 89 - 29.
108
Calculate -5 - (-5 - ((-39 - -17) + 61)).
39
3 + -2 + (7 - (11 - 13)) + 6
16
Calculate (-10 - 18) + (7 - (-3 - 4)) + (-33 - 4).
-51
Calculate 17 + 9 - 9 - (7 + (15 - 